 - 6*j + b = -j, -3*z + 36 = 3*j. What are the prime factors of z?
13
Let y(v) = -2*v**3 + v**2 + 4*v + 7. What are the prime factors of y(-6)?
11, 41
Suppose -2*l = b - 14, -b - 11 = -8*l + 5*l. Suppose -l*i + 730 = 3*o, -o = 4*i - 854 + 270. What are the prime factors of i?
2, 73
List the prime factors of (-56)/(-560) - (-37778)/20.
1889
Let y be 1/(0 - 3 - 10/(-3)). Suppose -y*g + 179 = -2*j + 3, -5*g + 5*j = -300. List the prime factors of g.
2, 7
Let t(q) = -q**3 + 5*q**2 + 8*q - 5. Let l be t(6). Let j(c) = 6*c + 38. List the prime factors of j(l).
2, 5
Suppose k + 499 + 1815 = 5*f, -f + k + 466 = 0. List the prime factors of f.
2, 3, 7, 11
Let f(x) = 20*x**2 + 4*x. Let h be f(-3). Suppose 0 = 13*q - 9*q + h. What are the prime factors of q/(-9)*6/4?
7
Suppose 3*q - 2*q = 3*w - 97, -3*q - 163 = -5*w. Let h = 98 - w. What are the prime factors of h?
2, 3, 11
Suppose -15*y + 13*y - 4*h + 3676 = 0, 4*h = 3*y - 5544. What are the prime factors of y?
2, 461
Let l(d) = -53*d - 26. Let q be l(-9). Suppose 6*w - q = 293. What are the prime factors of w?
2, 31
Let d be 0*(-2)/10 + 0. Suppose 3*a + d*a = 72. List the prime factors of a.
2, 3
Let q(d) = 3*d + 13. Let a be q(-5). List the prime factors of (-5 + (-63)/(-6))/(a/(-4)).
11
Let c = -8 + 11. Suppose c*b - 9 = -0*b. Suppose -k = 5, b*o - 2*k = -3*k + 112. What are the prime factors of o?
3, 13
Let y(k) = 2*k + 12. Let x be (-26)/4 - (-9)/18. Let r be y(x). Suppose -12 = -4*b - r. List the prime factors of b.
3
Let u(t) be the third derivative of -t**5/60 + t**4/3 - 5*t**3/6 + 6*t**2. Let o be 12*2/(-12)*-3. What are the prime factors of u(o)?
7
Let q(d) = 17 + 3*d**2 + 0*d**2 + 17*d - d**2 + 0*d**2. What are the prime factors of q(-11)?
2, 3
Let x(o) = 43*o + 38. Let i be x(-5). Let n = i + 248. List the prime factors of n.
71
What are the prime factors of ((-100)/40)/(1*(-2)/1788)?
3, 5, 149
Let i = -6 + 2. Let b be -2 + -1 + (-28)/i. Suppose 6*h - b*y - 144 = 2*h, 0 = 5*h - 3*y - 186. List the prime factors of h.
3, 13
Let j be 6*(3 + -1)*2/(-12). List the prime factors of j*1 - (-4 - 26).
2, 7
Let t be 53/4 - 6/(-8). Let x be (t/(-4) + 3)*-144. Suppose 8*m - x = 4*m. What are the prime factors of m?
2, 3
Let t(l) = -l**3 - 2*l**2 - l + 2. Let p be t(-2). Suppose -4*i - 2*a - 30 = 0, -15 = 5*i - a - a. What are the prime factors of (i + p - -40) + 2?
41
Suppose r - 2*r - 61 = 5*s, -56 = 5*s - 4*r. List the prime factors of s/(-18) - (-163)/3.
5, 11
Suppose -140 = -h - t + 245, -4*h + 1565 = -t. What are the prime factors of (-6)/4*h/(-9)?
5, 13
Suppose -4*d + 12 = 0, -3*d - 2*d + 15 = -4*k. Suppose k = -12*u + 5*u + 63. List the prime factors of (64/3)/(6/u).
2
Let i(s) = -15*s**2 + 6*s - 23. Let b(j) = j**3 + 1. Let l(f) = b(f) + i(f). What are the prime factors of l(15)?
2, 17
List the prime factors of (-13102)/(-6) - ((-286)/66 + 2).
2, 1093
Suppose -246*z - 2424 = -250*z. List the prime factors of z.
2, 3, 101
List the prime factors of (-2)/((-10)/895) + 5.
2, 23
List the prime factors of 2 - -2945*(2 + -1).
7, 421
Let w = 2654 + -1861. What are the prime factors of w?
13, 61
Let t = 8 - 4. Suppose -t*h = -3*z - 316, -36 = 5*h - 4*z - 431. What are the prime factors of h?
79
Suppose -4*i - 75 + 15 = 0. What are the prime factors of 4/(-10) - 666/i - -3?
47
Suppose -3*c + 2*c - 9 = -3*s, s - 3 = 4*c. Suppose 0 = -4*j + 4*f + 244, 0*f + 2*f + 182 = s*j. What are the prime factors of j?
2, 3, 5
Suppose 24 + 95 = -7*d. Let r = d + 84. List the prime factors of r.
67
Suppose -76*s + 75*s + 279 = 0. What are the prime factors of s?
3, 31
Suppose -62*m - 32 = -78*m. What are the prime factors of m?
2
Let t(l) = -3*l - 39. Let p be t(-17). Let m = 62 + p. List the prime factors of m.
2, 37
Let b be ((-2)/3)/(4/(-12)). Suppose -b*t + 579 = 2*c - 3*t, 4*t = -4*c + 1140. What are the prime factors of c?
2, 3
Suppose -2*w + 2*a - 40 = 0, -12 = 3*w + 3*a + 60. List the prime factors of (-3230)/w - (5 + (-57)/11).
3, 7
Let i be ((-10)/(-3))/((-2)/(-12)). Suppose i = -4*g + 100. What are the prime factors of g?
2, 5
Suppose -5*y + 93 + 7 = 0. Suppose 0 = 5*g + i - 4, g = -0*g + 5*i - y. Suppose 0 = -2*h + 8 - g. List the prime factors of h.
2
Let m(s) = 0 + s**3 + 4*s + 10 - 5*s**2 - 3. Suppose 21*n = 16*n + 25. List the prime factors of m(n).
3
Let d = -4464 + 7574. List the prime factors of d.
2, 5, 311
Let a(s) = s + 29. What are the prime factors of a(16)?
3, 5
Let g = 26 - -14. Suppose 4*q - 32 = -4*d + d, 3*q - 23 = -2*d. Suppose g = d*s - 68. What are the prime factors of s?
3
Let v be (-3)/((-20)/(-64) + 2/(-4)). What are the prime factors of (13 + 62)*v/6?
2, 5
Let c = 386 - 736. List the prime factors of (18/10 - -3)/((-15)/c).
2, 7
Suppose 56 = 3*p - 4*u - 33, 0 = 3*u - 3. What are the prime factors of p?
31
Let f(x) = x**3 + 16*x**2 - 17*x - 16. List the prime factors of f(-15).
2, 29
Suppose 2*v + 3*n + 15 = 0, -3*v - 20 = -0*v + 4*n. Suppose 3*w - 2*m - 219 = 0, 4*m + 367 = 5*w - v*m. What are the prime factors of w?
71
Suppose -17*v + 265167 = 52*v. List the prime factors of v.
3, 7, 61
Suppose 0*q + 60 = -3*q - 4*o, -q - 20 = o. Let i be 12/(-5)*20/(-3). What are the prime factors of ((-40)/i)/(2/q)?
5
Suppose -314 = -4*z - 2*i + 590, z - 217 = 4*i. List the prime factors of z.
3, 5
Let a = 721 + 694. What are the prime factors of a?
5, 283
Let h = -2 + 0. List the prime factors of (-7 - -4 - h)*-52.
2, 13
Let w be -86*(-2)/(12/45). Suppose 5*h = 3*a - a + 620, -5*h + w = 3*a. List the prime factors of h.
2, 3, 7
Let j(r) = -r**3 + 6*r**2 - 1. Let f be j(6). Let u be f/3*9*-1. Suppose u*i - i = 36. What are the prime factors of i?
2, 3
Suppose -566 = -b + 3*g, -2*g - 1 = 9. Suppose -b = -2*f + y - 0*y, -5*f + 2*y = -1378. Suppose 28*o - 24*o - f = 0. List the prime factors of o.
3, 23
Let l(q) = 47*q**2 - 2*q - 3 - 6*q + 9*q + 12*q**2. What are the prime factors of l(-2)?
3, 7, 11
Suppose -4*z - 25 - 35 = 0. Let f be 8/4*z/(-10). Suppose -2*m - f*x = -6*m + 77, 2*m - 5*x - 35 = 0. What are the prime factors of m?
2, 5
Suppose 3*c = 2*c - 13. Let f = 31 - c. What are the prime factors of f?
2, 11
Let m = -5 + 16. Suppose -5*x + m = l, 4*l + 5*x = x + 28. What are the prime factors of l?
2, 3
Suppose 3*a - 75 = -12*a. Suppose -s = 4*v - 54 - 94, a*v = -5*s + 200. List the prime factors of v.
2, 3
Let o = 39 + -21. Suppose -7*q = -2*q, 4*q + o = 3*g. Suppose -5*t = -g*r + 2*r + 145, 50 = r - 4*t. What are the prime factors of r?
2, 3, 5
Let k be (-3)/(-4) + 63/12. What are the prime factors of (-10)/k*(-31 + (-5 - -9))?
3, 5
Let d(g) = 2*g**2 - 6*g + 40. What are the prime factors of d(-8)?
2, 3
Let f = 1866 - 1203. List the prime factors of f.
3, 13, 17
Let a(d) = d**2 - 41*d + 56. List the prime factors of a(42).
2, 7
What are the prime factors of -1 + 1 + 2403 + -13?
2, 5, 239
Let u(h) = 8*h + 85. List the prime factors of u(-5).
3, 5
Let a be 3/(-2) + 585/(-26). List the prime factors of (9/(-2))/(9/a).
2, 3
Let t be (8/4)/1 - -3. Let y(i) = i**3 - 4*i**2 - 6*i + 3. Let c be y(t). What are the prime factors of (-82)/(-4*(-1)/c)?
41
Let k = -1329 + 1843. What are the prime factors of k?
2, 257
Let j be 1/((3 + -2)/9). Let h(o) = -o**3 + 8*o**2 + 12*o - 13. Let c be h(j). Suppose -10*f - 84 = -c*f. List the prime factors of f.
3, 7
Let d(x) = -x**3 + 27*x**2 - 49*x - 4. Let n be d(16). Suppose z - n = -12*z. List the prime factors of z.
2, 3, 13
Let k(n) = n**3 - 4*n**2 - 6*n + 4. Suppose 13*v - 14*v + 6 = 0. Let p be k(v). Suppose -4*d + p = 2*s, -71 = -5*s - 4*d + 59. List the prime factors of s.
2, 3, 5
Let y be -1*(0 + 1 - (-4)/(-1)). Suppose y*p - 215 = 208. What are the prime factors of p?
3, 47
Let p = 479 - 74. What are the prime factors of p?
3, 5
Let r be 3/(-9) + 0 - (-112)/(-24). List the prime factors of (-136)/10*-7 + 1/r.
5, 19
Suppose 3*h + r - 5*r = 17, -3*h - 5*r = 28. What are the prime factors of (2 - -24)/(h/(-1))?
2, 13
Suppose 77*y + 2*t - 8214 = 73*y, -3*y + 2*t = -6143. List the prime factors of y.
7, 293
Let h be ((-236)/10)/(2/(-10)). Let q = -848 - -781. Let l = q + h. What are the prime factors of l?
3, 17
Suppose 17*x + 3*v = 14*x + 645, -9 = 3*v. What are the prime factors of x?
2, 109
Let w = 20 - 28. Let b be w/12 + 8/(-6). List the prime factors